-1a854
Convert 4ab86 (base 13) to base 8.
415707
64a4a4 (base 11) to base 2
11111101100110111010
What is 41aa63 (base 12) in base 6?
34103003
What is 64857a (base 11) in base 3?
1221122102011
Convert 397c49 (base 13) to base 6.
45431432
-198432 (base 10) to base 15
-3dbdc
11155550 (base 6) to base 16
5387a
What is -3506445 (base 7) in base 5?
-103024034
Convert -130513 (base 9) to base 2.
-10011010100101101
What is 13034022 (base 5) in base 12?
61877
What is -3862a1 (base 12) in base 6?
-31441521
Convert -1008164 (base 11) to base 4.
-12303022000
103322012 (base 4) to base 14
21a06
What is -276061 (base 8) in base 4?
-113300301
Convert 1010111101110111111 (base 2) to base 14.
94d67
-815bb (base 14) to base 15
-6232c
What is 100001001000000000 (base 2) in base 6?
2524052
10010011100111011 (base 2) to base 10
75579
Convert -31020100 (base 4) to base 12.
-27154
111001101000100000011 (base 2) to base 9
3487500
What is -240133210 (base 5) in base 14?
-20880c
300041 (base 6) to base 5
1221403
Convert -1445354 (base 6) to base 8.
-244306
Convert -201223 (base 8) to base 7.
-363663
-9666 (base 13) to base 2
-101000110000111
-31601 (base 13) to base 15
-1b515
Convert 11011021222200 (base 3) to base 10.
2210319
Convert -2366003 (base 9) to base 11.
-7a7576
1dd72 (base 15) to base 4
113303330
What is 24345023 (base 6) in base 12?
315173
-36902 (base 13) to base 14
-28828
What is -302040012 (base 5) in base 6?
-41501344
What is 4d16f (base 16) in base 15?
63859
What is -5214050 (base 9) in base 15?
-3a0200
434102342 (base 5) to base 11
1062648
What is 14a8b8 (base 12) in base 16?
5588c
What is -560220 (base 7) in base 6?
-2040133
What is -214023422 (base 6) in base 4?
-32212313012
a3ca (base 16) to base 6
522042
-1054440 (base 6) to base 14
-15a52
What is -210424531 (base 6) in base 7?
-43141105
What is 1185d35 (base 14) in base 12?
2987aa3
Convert -200021211200102 (base 3) to base 2.
-100101000101000110111110
2676512 (base 9) to base 3
2202120120102
What is -11112220110 (base 3) in base 16?
-15dfe
122030123 (base 6) to base 16
23a7e3
Convert f8789 (base 16) to base 5.
230031422
-7074168 (base 9) to base 10
-3769073
Convert 33ab5 (base 13) to base 8.
267640
What is 353818 (base 9) in base 15?
430be
Convert 64652405 (base 7) to base 16.
545054
1122022201 (base 4) to base 2
1011010001010100001
Convert a711 (base 11) to base 10.
14169
8610b (base 16) to base 11
345630
What is -1403113321 (base 5) in base 2?
-1101100110110001110111
Convert 135116 (base 8) to base 7.
256023
Convert -10b187 (base 12) to base 15.
-54677
What is 4201906 (base 10) in base 2?
10000000001110110110010
70ab67 (base 12) to base 10
1760767
Convert 585cd (base 16) to base 8.
1302715
-9b13 (base 16) to base 2
-1001101100010011
What is 398a476 (base 12) in base 8?
53325032
c81a24 (base 13) to base 3
22211011121201
What is -333202020313 (base 4) in base 10?
-16654903
1c5d6 (base 15) to base 3
11200211010
What is -1010001222201 (base 3) in base 2?
-10010000100001000100
What is -2654513 (base 10) in base 2?
-1010001000000100110001
What is 1144206 (base 7) in base 13?
51321
101203011 (base 4) to base 10
71877
Convert 100101011001011010101010 (base 2) to base 8.
45313252
What is -25507342 (base 9) in base 8?
-57614374
What is 248030 (base 9) in base 13?
5349c
Convert -102021111002 (base 3) to base 15.
-45b7e
-110111101001001000100 (base 2) to base 15
-260385
What is 10111100101111010 (base 2) in base 12?
47b0a
-259047 (base 11) to base 12
-177889
Convert -18016863 (base 9) to base 11.
-5119551
-380891 (base 14) to base 7
-22224641
1807b30 (base 12) to base 10
4990356
Convert -1010d (base 15) to base 7.
-301201
What is 2146301 (base 7) in base 9?
442018
50155524 (base 6) to base 9
2586267
What is 341757 (base 8) in base 7?
661206
What is -1253543 (base 9) in base 3?
-1021210121110
What is -1115504004 (base 6) in base 3?
-212011102112011
-837342 (base 10) to base 6
-25540330
-1253114 (base 7) to base 6
-3304525
What is 2104124 (base 7) in base 11?
163545
121102001100121 (base 3) to base 8
41210255
What is -294500 (base 13) in base 15?
-14e098
What is -1532310 (base 7) in base 2?
-110011001100111111
What is -16538848 (base 9) in base 5?
-4110334232
-171c9 (base 13) to base 5
-2404044
100110100100111001010 (base 2) to base 15
19e819
What is -d44d47 (base 14) in base 4?
-123103302303
Convert 24c398c (base 13) to base 3.
210121201222022
Convert -ab7d (base 14) to base 2.
-111010000001011
What is -5235252 (base 7) in base 14?
-125cd2
What is 1326320 (base 8) in base 9?
626154
-935a2 (base 11) to base 8
-412437
What is 354b7 (base 14) in base 4?
133231321
Convert 1234488 (base 9) to base 8.
2441436
125772 (base 10) to base 11
86549
What is 179971 (base 15) in base 4?
10113312100
What is -97346 (base 10) in base 4?
-113301002
Convert 12112022112 (base 3) to base 9.
175275
What is -112350 (base 15) in base 10?
-817500
-20021 (base 11) to base 12
-14b61
What is 31990 (base 12) in base 15?
14560
105034215 (base 7) to base 2
11000010001001010000011
What is 4b4777 (base 16) in base 2?
10010110100011101110111
What is -14526124 (base 8) in base 2?
-1100101010110001010100
-84002 (base 10) to base 13
-2c309
What is -5100425 (base 8) in base 7?
-14264453
Convert 2137 (base 11) to base 12.
1773
Convert -10542410 (base 6) to base 4.
-1033033212
Convert 2735032 (base 12) to base 4.
131230203212
What is -12012313020 (base 4) in base 13?
-440925
Convert 31256 (base 8) to base 9.
18715
What is -755797 (base 13) in base 6?
-135010404
Convert b5c42a (base 13) to base 14.
7ca488
8360 (base 12) to base 4
3133320
-1000010212121 (base 3) to base 4
-2002123321
-3beba (base 15) to base 14
-50137
Convert -51560a (base 11) to base 14.
-1776bd
Convert 633702 (base 9) to base 14.
9b417
What is 312122311223 (base 4) in base 6?
1225432535
What is -11b9d1b (base 14) in base 10?
-8517205
Convert -111985 (base 10) to base 12.
-54981
Convert 4a1a6 (base 11) to base 3.
10122220210
Convert 1321003012 (base 4) to base 9.
835114
Convert b7791 (base 12) to base 15.
4b774
What is -383513 (base 9) in base 3?
-102210120110
1735709 (base 10) to base 8
6476035
-2262516 (base 11) to base 10
-3956354
1167a9 (base 12) to base 9
467503
Convert 1010021201000 (base 3) to base 5.
123033411
Convert -110101123 (base 4) to base 9.
-135811
-1539e8 (base 16) to base 9
-2550174
Convert -1543736 (base 11) to base 10.
-2640259
Convert -140400530 (base 6) to base 7.
-33026442
252244 (base 12) to base 11
383718
What is 4010403 (base 5) in base 16?
f6fc
What is 120020202102 (base 3) in base 15?
5de15
2a8760 (base 11) to base 5
110330243
103440130 (base 5) to base 13
12ac9a
-51131 (base 6) to base 8
-15137
What is 3661535 (base 12) in base 6?
1014415305
8226c (base 14) to base 12
131388
What is 44f7b3 (base 16) in base 10?
4519859
Convert -713558 (base 15) to base 7.
-63465041
Convert -5933690 (base 10) to base 11.
-3393084
What is -1322333 (base 5) in base 15?
-7d2d
What is -1306776 (base 9) in base 6?
-23143410
-1001211433 (base 6) to base 14
-14bdca9
Convert -1212102121 (base 6) to base 9.
-28001284
Convert 1632202 (base 7) to base 9.
374604
100111001110101110 (base 2) to base 13
581a6
What is -1020222010122 (base 3) in base 10?
-668591
What is -d2431 (base 14) in base 9?
-850644
Convert 17671514 (base 8) to base 16.
3f734c
Convert 2343213 (base 5) to base 16.
aa26
Convert 2060126 (base 7) to base 10.
249773
What is 112211112110 (base 3) in base 13?
a2b9a
3f3ff3 (base 16) to base 13
b2195b
-1111000101111111 (base 2) to base 10
-61823
-133103111 (base 4) to base 10
-128213
What is 1fcf9 (base 16) in base 11?
89992
What is -375343 (base 11) in base 13?
-179a19
What is 12523201 (base 7) in base 5?
243230211
11012041 (base 5) to base 6
2010102
-56776447 (base 8) to base 14
-18c9b4b
Convert 26142445 (base 7) to base 10.
2380306
Convert -106115c (base 13) to base 11.
-2906047
Convert -131350143 (base 6) to base 15.
-364286
What is 214106 (base 8) in base 2?
10001100001000110
What is 392589 (base 12) in base 4?
3210312321
Convert -19643 (base 10) to base 11.
-13838
What is 434043 (base 5) in base 10?
14898
What is -192132 (base 13) in base 4?
-2122201302
What is 110001101011010011 (base 2) in base 12?
99903
b03d0 (base 14) to base 12
184baa
-100011001112 (base 3) 